{"id":150,"date":"2022-03-21T22:28:03","date_gmt":"2022-03-21T21:28:03","guid":{"rendered":"https:\/\/docteurardiet.fr\/?page_id=150"},"modified":"2022-03-27T08:47:52","modified_gmt":"2022-03-27T06:47:52","slug":"interruption-volontaire-de-grossesse-ivg-medicamenteuse-en-ville","status":"publish","type":"page","link":"https:\/\/docteurardiet.fr\/?page_id=150","title":{"rendered":"IVG m\u00e9dicamenteuse en ville"},"content":{"rendered":"\n<p>L&rsquo;interruption volontaire de grossesse (IVG) m\u00e9dicamenteuse en ville (c&rsquo;est \u00e0 dire hors \u00e9tablissement hospitalier) consiste \u00e0 prendre des comprim\u00e9s prescrits par le m\u00e9decin. Elle est possible jusqu\u2019\u00e0 cinq semaines de grossesse ( = 7 semaines d&rsquo;am\u00e9norrh\u00e9e).\u00a0 Le taux de r\u00e9ussite est de 95%.<\/p>\n\n\n\n<p>Une premi\u00e8re consultation est consacr\u00e9e \u00e0 l&rsquo;information, apr\u00e8s avoir confirm\u00e9 par \u00e9chographie que la grossesse est bien plac\u00e9e dans l&rsquo;ut\u00e9rus et n&rsquo;est pas trop avanc\u00e9e. La proc\u00e9dure peut \u00eatre d\u00e9but\u00e9e le jour m\u00eame apr\u00e8s signature d&rsquo;un consentement. <\/p>\n\n\n\n<p>48h apr\u00e8s la prise du premier comprim\u00e9, la patiente prend deux autres comprim\u00e9s \u00e0 son domicile ce qui provoque l&rsquo;expulsion de la grossesse. Les sympt\u00f4mes sont des saignements et des douleurs, comparables \u00e0 des r\u00e8gles  abondantes.<\/p>\n\n\n\n<p>Une seconde consultation est indispensable 10 \u00e0 15 jours plus tard pour v\u00e9rifier que la proc\u00e9dure a \u00e9t\u00e9 efficace et compl\u00e8te.<\/p>\n\n\n\n<p> <\/p>\n\n\n\n<p><a href=\"https:\/\/questionsexualite.fr\/choisir-sa-contraception\/l-interruption-volontaire-de-grossesse\/comment-se-passe-une-ivg-medicamenteuse\" target=\"_blank\" rel=\"noreferrer noopener\">Plus d&rsquo;informations<\/a><\/p>\n","protected":false},"excerpt":{"rendered":"<p>L&rsquo;interruption volontaire de grossesse (IVG) m\u00e9dicamenteuse en ville (c&rsquo;est \u00e0 dire hors \u00e9tablissement hospitalier) consiste \u00e0 prendre des comprim\u00e9s prescrits par le m\u00e9decin. Elle est possible jusqu\u2019\u00e0 cinq semaines de grossesse ( = 7 semaines d&rsquo;am\u00e9norrh\u00e9e).\u00a0 Le taux de r\u00e9ussite est de 95%. Une premi\u00e8re consultation est consacr\u00e9e \u00e0 l&rsquo;information, apr\u00e8s avoir confirm\u00e9 par \u00e9chographie &hellip; <\/p>\n<p class=\"link-more\"><a href=\"https:\/\/docteurardiet.fr\/?page_id=150\" class=\"more-link\">Continuer la lecture<span class=\"screen-reader-text\"> de &laquo;&nbsp;IVG m\u00e9dicamenteuse en ville&nbsp;&raquo;<\/span><\/a><\/p>\n","protected":false},"author":1,"featured_media":0,"parent":0,"menu_order":0,"comment_status":"closed","ping_status":"closed","template":"","meta":{"footnotes":""},"yoast_head":"<!-- This site is optimized with the Yoast SEO plugin v20.4 - https:\/\/yoast.com\/wordpress\/plugins\/seo\/ -->\n<title>IVG m\u00e9dicamenteuse en ville - Dr Emmanuel ARDIET<\/title>\n<meta name=\"robots\" content=\"index, follow, max-snippet:-1, max-image-preview:large, max-video-preview:-1\" \/>\n<link rel=\"canonical\" href=\"https:\/\/docteurardiet.fr\/?page_id=150\" \/>\n<meta property=\"og:locale\" content=\"fr_FR\" \/>\n<meta property=\"og:type\" content=\"article\" \/>\n<meta property=\"og:title\" content=\"IVG m\u00e9dicamenteuse en ville - Dr Emmanuel ARDIET\" \/>\n<meta property=\"og:description\" content=\"L&rsquo;interruption volontaire de grossesse (IVG) m\u00e9dicamenteuse en ville (c&rsquo;est \u00e0 dire hors \u00e9tablissement hospitalier) consiste \u00e0 prendre des comprim\u00e9s prescrits par le m\u00e9decin. Elle est possible jusqu\u2019\u00e0 cinq semaines de grossesse ( = 7 semaines d&rsquo;am\u00e9norrh\u00e9e).\u00a0 Le taux de r\u00e9ussite est de 95%. Une premi\u00e8re consultation est consacr\u00e9e \u00e0 l&rsquo;information, apr\u00e8s avoir confirm\u00e9 par \u00e9chographie &hellip; Continuer la lecture de &laquo;&nbsp;IVG m\u00e9dicamenteuse en ville&nbsp;&raquo;\" \/>\n<meta property=\"og:url\" content=\"https:\/\/docteurardiet.fr\/?page_id=150\" \/>\n<meta property=\"og:site_name\" content=\"Dr Emmanuel ARDIET\" \/>\n<meta property=\"article:modified_time\" content=\"2022-03-27T06:47:52+00:00\" \/>\n<meta name=\"twitter:card\" content=\"summary_large_image\" \/>\n<meta name=\"twitter:label1\" content=\"Dur\u00e9e de lecture estim\u00e9e\" \/>\n\t<meta name=\"twitter:data1\" content=\"1 minute\" \/>\n<script type=\"application\/ld+json\" class=\"yoast-schema-graph\">{\"@context\":\"https:\/\/schema.org\",\"@graph\":[{\"@type\":\"WebPage\",\"@id\":\"https:\/\/docteurardiet.fr\/?page_id=150\",\"url\":\"https:\/\/docteurardiet.fr\/?page_id=150\",\"name\":\"IVG m\u00e9dicamenteuse en ville - Dr Emmanuel ARDIET\",\"isPartOf\":{\"@id\":\"https:\/\/docteurardiet.fr\/#website\"},\"datePublished\":\"2022-03-21T21:28:03+00:00\",\"dateModified\":\"2022-03-27T06:47:52+00:00\",\"breadcrumb\":{\"@id\":\"https:\/\/docteurardiet.fr\/?page_id=150#breadcrumb\"},\"inLanguage\":\"fr-FR\",\"potentialAction\":[{\"@type\":\"ReadAction\",\"target\":[\"https:\/\/docteurardiet.fr\/?page_id=150\"]}]},{\"@type\":\"BreadcrumbList\",\"@id\":\"https:\/\/docteurardiet.fr\/?page_id=150#breadcrumb\",\"itemListElement\":[{\"@type\":\"ListItem\",\"position\":1,\"name\":\"Accueil\",\"item\":\"https:\/\/docteurardiet.fr\/\"},{\"@type\":\"ListItem\",\"position\":2,\"name\":\"IVG m\u00e9dicamenteuse en ville\"}]},{\"@type\":\"WebSite\",\"@id\":\"https:\/\/docteurardiet.fr\/#website\",\"url\":\"https:\/\/docteurardiet.fr\/\",\"name\":\"Dr Emmanuel ARDIET\",\"description\":\"Gyn\u00e9cologue-obst\u00e9tricien \u00e0 Lille\",\"potentialAction\":[{\"@type\":\"SearchAction\",\"target\":{\"@type\":\"EntryPoint\",\"urlTemplate\":\"https:\/\/docteurardiet.fr\/?s={search_term_string}\"},\"query-input\":\"required name=search_term_string\"}],\"inLanguage\":\"fr-FR\"}]}<\/script>\n<!-- \/ Yoast SEO plugin. -->","yoast_head_json":{"title":"IVG m\u00e9dicamenteuse en ville - Dr Emmanuel ARDIET","robots":{"index":"index","follow":"follow","max-snippet":"max-snippet:-1","max-image-preview":"max-image-preview:large","max-video-preview":"max-video-preview:-1"},"canonical":"https:\/\/docteurardiet.fr\/?page_id=150","og_locale":"fr_FR","og_type":"article","og_title":"IVG m\u00e9dicamenteuse en ville - Dr Emmanuel ARDIET","og_description":"L&rsquo;interruption volontaire de grossesse (IVG) m\u00e9dicamenteuse en ville (c&rsquo;est \u00e0 dire hors \u00e9tablissement hospitalier) consiste \u00e0 prendre des comprim\u00e9s prescrits par le m\u00e9decin. Elle est possible jusqu\u2019\u00e0 cinq semaines de grossesse ( = 7 semaines d&rsquo;am\u00e9norrh\u00e9e).\u00a0 Le taux de r\u00e9ussite est de 95%. Une premi\u00e8re consultation est consacr\u00e9e \u00e0 l&rsquo;information, apr\u00e8s avoir confirm\u00e9 par \u00e9chographie &hellip; Continuer la lecture de &laquo;&nbsp;IVG m\u00e9dicamenteuse en ville&nbsp;&raquo;","og_url":"https:\/\/docteurardiet.fr\/?page_id=150","og_site_name":"Dr Emmanuel ARDIET","article_modified_time":"2022-03-27T06:47:52+00:00","twitter_card":"summary_large_image","twitter_misc":{"Dur\u00e9e de lecture estim\u00e9e":"1 minute"},"schema":{"@context":"https:\/\/schema.org","@graph":[{"@type":"WebPage","@id":"https:\/\/docteurardiet.fr\/?page_id=150","url":"https:\/\/docteurardiet.fr\/?page_id=150","name":"IVG m\u00e9dicamenteuse en ville - Dr Emmanuel ARDIET","isPartOf":{"@id":"https:\/\/docteurardiet.fr\/#website"},"datePublished":"2022-03-21T21:28:03+00:00","dateModified":"2022-03-27T06:47:52+00:00","breadcrumb":{"@id":"https:\/\/docteurardiet.fr\/?page_id=150#breadcrumb"},"inLanguage":"fr-FR","potentialAction":[{"@type":"ReadAction","target":["https:\/\/docteurardiet.fr\/?page_id=150"]}]},{"@type":"BreadcrumbList","@id":"https:\/\/docteurardiet.fr\/?page_id=150#breadcrumb","itemListElement":[{"@type":"ListItem","position":1,"name":"Accueil","item":"https:\/\/docteurardiet.fr\/"},{"@type":"ListItem","position":2,"name":"IVG m\u00e9dicamenteuse en ville"}]},{"@type":"WebSite","@id":"https:\/\/docteurardiet.fr\/#website","url":"https:\/\/docteurardiet.fr\/","name":"Dr Emmanuel ARDIET","description":"Gyn\u00e9cologue-obst\u00e9tricien \u00e0 Lille","potentialAction":[{"@type":"SearchAction","target":{"@type":"EntryPoint","urlTemplate":"https:\/\/docteurardiet.fr\/?s={search_term_string}"},"query-input":"required name=search_term_string"}],"inLanguage":"fr-FR"}]}},"_links":{"self":[{"href":"https:\/\/docteurardiet.fr\/index.php?rest_route=\/wp\/v2\/pages\/150"}],"collection":[{"href":"https:\/\/docteurardiet.fr\/index.php?rest_route=\/wp\/v2\/pages"}],"about":[{"href":"https:\/\/docteurardiet.fr\/index.php?rest_route=\/wp\/v2\/types\/page"}],"author":[{"embeddable":true,"href":"https:\/\/docteurardiet.fr\/index.php?rest_route=\/wp\/v2\/users\/1"}],"replies":[{"embeddable":true,"href":"https:\/\/docteurardiet.fr\/index.php?rest_route=%2Fwp%2Fv2%2Fcomments&post=150"}],"version-history":[{"count":4,"href":"https:\/\/docteurardiet.fr\/index.php?rest_route=\/wp\/v2\/pages\/150\/revisions"}],"predecessor-version":[{"id":215,"href":"https:\/\/docteurardiet.fr\/index.php?rest_route=\/wp\/v2\/pages\/150\/revisions\/215"}],"wp:attachment":[{"href":"https:\/\/docteurardiet.fr\/index.php?rest_route=%2Fwp%2Fv2%2Fmedia&parent=150"}],"curies":[{"name":"wp","href":"https:\/\/api.w.org\/{rel}","templated":true}]}}