{"id":156,"date":"2022-03-21T22:27:35","date_gmt":"2022-03-21T21:27:35","guid":{"rendered":"https:\/\/docteurardiet.fr\/?page_id=156"},"modified":"2022-03-21T22:27:36","modified_gmt":"2022-03-21T21:27:36","slug":"le-docteur-ardiet","status":"publish","type":"page","link":"https:\/\/docteurardiet.fr\/?page_id=156","title":{"rendered":"Le Docteur ARDIET"},"content":{"rendered":"\n<h2 class=\"wp-block-heading\">Cursus<\/h2>\n\n\n\n<ul><li>Etudes de M\u00e9decine \u00e0 Lyon de 1990 \u00e0 1997<\/li><li>Internat de Gyn\u00e9cologie-Obst\u00e9trique \u00e0 Lille de 1997 \u00e0 2003<\/li><li>Chef de Clinique \u00e0 la Facult\u00e9 de M\u00e9decine de Lille de 2003 \u00e0 2005<\/li><li>Praticien Hospitalier \u2013 Chef de Service au Centre Hospitalier de Lens de 2005 \u00e0 2013<\/li><li>Installation en lib\u00e9ral \u00e0 Lille depuis 2013<\/li><\/ul>\n\n\n\n<hr class=\"wp-block-separator\"\/>\n\n\n\n<h2 class=\"wp-block-heading\">Dipl\u00f4mes<\/h2>\n\n\n\n<ul><li>Th\u00e8se de M\u00e9decine et Dipl\u00f4me d\u2019\u00c9tudes Sp\u00e9cialis\u00e9es en Gyn\u00e9cologie Obst\u00e9trique (Lille)<\/li><li>Dipl\u00f4me d\u2019\u00c9tudes Approfondies en G\u00e9nie Biom\u00e9dical (Lille-Compi\u00e8gne)<\/li><li>Dipl\u00f4mes d\u2019Universit\u00e9 et Dipl\u00f4mes inter-universitaires:<ul><li>M\u00e9canique et Techniques Obst\u00e9tricales<\/li><li>Ultrasonologie en Gyn\u00e9cologie-Obst\u00e9trique<\/li><li>Colposcopie et pathologie cervico-vaginale<\/li><li>Certificat d\u2019\u00c9tudes de Statistiques Appliqu\u00e9es \u0430 la M\u00e9decine (CESAM)<\/li><\/ul><\/li><\/ul>\n\n\n\n<hr class=\"wp-block-separator\"\/>\n\n\n\n<h2 class=\"wp-block-heading\">D\u00e9pistage de la Trisomie 21 par mesure de la clart\u00e9 nucale<\/h2>\n\n\n\n<p>Je suis adh\u00e9rent au r\u00e9seau p\u00e9rinatal OMBREL &nbsp;(Organisation Mamans B\u00e9b\u00e9s de la REgion Lilloise). Je b\u00e9n\u00e9ficie de l\u2019agr\u00e9ment pour la mesure de la clart\u00e9 nucale&nbsp;sous le num\u00e9ro &nbsp;<strong>5915 185038001<\/strong><\/p>\n\n\n\n<hr class=\"wp-block-separator\"\/>\n\n\n\n<h2 class=\"wp-block-heading\">Assurance RCP<\/h2>\n\n\n\n<p>L\u2019assurance en responsabilit\u00e9 civile professionnelle est une des obligations l\u00e9gales du m\u00e9decin lib\u00e9ral.&nbsp;Je suis garanti par SHAM (24 rue Rochet \u00e0 Lyon).&nbsp;A titre d\u2019information, le montant de ma prime pour l&rsquo;ann\u00e9e 2022 est sup\u00e9rieur \u00e0 24000 \u20ac.<\/p>\n","protected":false},"excerpt":{"rendered":"<p>Cursus Etudes de M\u00e9decine \u00e0 Lyon de 1990 \u00e0 1997 Internat de Gyn\u00e9cologie-Obst\u00e9trique \u00e0 Lille de 1997 \u00e0 2003 Chef de Clinique \u00e0 la Facult\u00e9 de M\u00e9decine de Lille de 2003 \u00e0 2005 Praticien Hospitalier \u2013 Chef de Service au Centre Hospitalier de Lens de 2005 \u00e0 2013 Installation en lib\u00e9ral \u00e0 Lille depuis 2013 &hellip; <\/p>\n<p class=\"link-more\"><a href=\"https:\/\/docteurardiet.fr\/?page_id=156\" class=\"more-link\">Continuer la lecture<span class=\"screen-reader-text\"> de &laquo;&nbsp;Le Docteur ARDIET&nbsp;&raquo;<\/span><\/a><\/p>\n","protected":false},"author":1,"featured_media":0,"parent":0,"menu_order":0,"comment_status":"closed","ping_status":"closed","template":"","meta":{"footnotes":""},"yoast_head":"<!-- This site is optimized with the Yoast SEO plugin v20.4 - https:\/\/yoast.com\/wordpress\/plugins\/seo\/ -->\n<title>Le Docteur ARDIET - Dr Emmanuel ARDIET<\/title>\n<meta name=\"robots\" content=\"index, follow, max-snippet:-1, max-image-preview:large, max-video-preview:-1\" \/>\n<link rel=\"canonical\" href=\"https:\/\/docteurardiet.fr\/?page_id=156\" \/>\n<meta property=\"og:locale\" content=\"fr_FR\" \/>\n<meta property=\"og:type\" content=\"article\" \/>\n<meta property=\"og:title\" content=\"Le Docteur ARDIET - Dr Emmanuel ARDIET\" \/>\n<meta property=\"og:description\" content=\"Cursus Etudes de M\u00e9decine \u00e0 Lyon de 1990 \u00e0 1997 Internat de Gyn\u00e9cologie-Obst\u00e9trique \u00e0 Lille de 1997 \u00e0 2003 Chef de Clinique \u00e0 la Facult\u00e9 de M\u00e9decine de Lille de 2003 \u00e0 2005 Praticien Hospitalier \u2013 Chef de Service au Centre Hospitalier de Lens de 2005 \u00e0 2013 Installation en lib\u00e9ral \u00e0 Lille depuis 2013 &hellip; Continuer la lecture de &laquo;&nbsp;Le Docteur ARDIET&nbsp;&raquo;\" \/>\n<meta property=\"og:url\" content=\"https:\/\/docteurardiet.fr\/?page_id=156\" \/>\n<meta property=\"og:site_name\" content=\"Dr Emmanuel ARDIET\" \/>\n<meta property=\"article:modified_time\" content=\"2022-03-21T21:27:36+00:00\" \/>\n<meta name=\"twitter:card\" content=\"summary_large_image\" \/>\n<meta name=\"twitter:label1\" content=\"Dur\u00e9e de lecture estim\u00e9e\" \/>\n\t<meta name=\"twitter:data1\" content=\"1 minute\" \/>\n<script type=\"application\/ld+json\" class=\"yoast-schema-graph\">{\"@context\":\"https:\/\/schema.org\",\"@graph\":[{\"@type\":\"WebPage\",\"@id\":\"https:\/\/docteurardiet.fr\/?page_id=156\",\"url\":\"https:\/\/docteurardiet.fr\/?page_id=156\",\"name\":\"Le Docteur ARDIET - Dr Emmanuel ARDIET\",\"isPartOf\":{\"@id\":\"https:\/\/docteurardiet.fr\/#website\"},\"datePublished\":\"2022-03-21T21:27:35+00:00\",\"dateModified\":\"2022-03-21T21:27:36+00:00\",\"breadcrumb\":{\"@id\":\"https:\/\/docteurardiet.fr\/?page_id=156#breadcrumb\"},\"inLanguage\":\"fr-FR\",\"potentialAction\":[{\"@type\":\"ReadAction\",\"target\":[\"https:\/\/docteurardiet.fr\/?page_id=156\"]}]},{\"@type\":\"BreadcrumbList\",\"@id\":\"https:\/\/docteurardiet.fr\/?page_id=156#breadcrumb\",\"itemListElement\":[{\"@type\":\"ListItem\",\"position\":1,\"name\":\"Accueil\",\"item\":\"https:\/\/docteurardiet.fr\/\"},{\"@type\":\"ListItem\",\"position\":2,\"name\":\"Le Docteur ARDIET\"}]},{\"@type\":\"WebSite\",\"@id\":\"https:\/\/docteurardiet.fr\/#website\",\"url\":\"https:\/\/docteurardiet.fr\/\",\"name\":\"Dr Emmanuel ARDIET\",\"description\":\"Gyn\u00e9cologue-obst\u00e9tricien \u00e0 Lille\",\"potentialAction\":[{\"@type\":\"SearchAction\",\"target\":{\"@type\":\"EntryPoint\",\"urlTemplate\":\"https:\/\/docteurardiet.fr\/?s={search_term_string}\"},\"query-input\":\"required name=search_term_string\"}],\"inLanguage\":\"fr-FR\"}]}<\/script>\n<!-- \/ Yoast SEO plugin. -->","yoast_head_json":{"title":"Le Docteur ARDIET - Dr Emmanuel ARDIET","robots":{"index":"index","follow":"follow","max-snippet":"max-snippet:-1","max-image-preview":"max-image-preview:large","max-video-preview":"max-video-preview:-1"},"canonical":"https:\/\/docteurardiet.fr\/?page_id=156","og_locale":"fr_FR","og_type":"article","og_title":"Le Docteur ARDIET - Dr Emmanuel ARDIET","og_description":"Cursus Etudes de M\u00e9decine \u00e0 Lyon de 1990 \u00e0 1997 Internat de Gyn\u00e9cologie-Obst\u00e9trique \u00e0 Lille de 1997 \u00e0 2003 Chef de Clinique \u00e0 la Facult\u00e9 de M\u00e9decine de Lille de 2003 \u00e0 2005 Praticien Hospitalier \u2013 Chef de Service au Centre Hospitalier de Lens de 2005 \u00e0 2013 Installation en lib\u00e9ral \u00e0 Lille depuis 2013 &hellip; Continuer la lecture de &laquo;&nbsp;Le Docteur ARDIET&nbsp;&raquo;","og_url":"https:\/\/docteurardiet.fr\/?page_id=156","og_site_name":"Dr Emmanuel ARDIET","article_modified_time":"2022-03-21T21:27:36+00:00","twitter_card":"summary_large_image","twitter_misc":{"Dur\u00e9e de lecture estim\u00e9e":"1 minute"},"schema":{"@context":"https:\/\/schema.org","@graph":[{"@type":"WebPage","@id":"https:\/\/docteurardiet.fr\/?page_id=156","url":"https:\/\/docteurardiet.fr\/?page_id=156","name":"Le Docteur ARDIET - Dr Emmanuel ARDIET","isPartOf":{"@id":"https:\/\/docteurardiet.fr\/#website"},"datePublished":"2022-03-21T21:27:35+00:00","dateModified":"2022-03-21T21:27:36+00:00","breadcrumb":{"@id":"https:\/\/docteurardiet.fr\/?page_id=156#breadcrumb"},"inLanguage":"fr-FR","potentialAction":[{"@type":"ReadAction","target":["https:\/\/docteurardiet.fr\/?page_id=156"]}]},{"@type":"BreadcrumbList","@id":"https:\/\/docteurardiet.fr\/?page_id=156#breadcrumb","itemListElement":[{"@type":"ListItem","position":1,"name":"Accueil","item":"https:\/\/docteurardiet.fr\/"},{"@type":"ListItem","position":2,"name":"Le Docteur ARDIET"}]},{"@type":"WebSite","@id":"https:\/\/docteurardiet.fr\/#website","url":"https:\/\/docteurardiet.fr\/","name":"Dr Emmanuel ARDIET","description":"Gyn\u00e9cologue-obst\u00e9tricien \u00e0 Lille","potentialAction":[{"@type":"SearchAction","target":{"@type":"EntryPoint","urlTemplate":"https:\/\/docteurardiet.fr\/?s={search_term_string}"},"query-input":"required name=search_term_string"}],"inLanguage":"fr-FR"}]}},"_links":{"self":[{"href":"https:\/\/docteurardiet.fr\/index.php?rest_route=\/wp\/v2\/pages\/156"}],"collection":[{"href":"https:\/\/docteurardiet.fr\/index.php?rest_route=\/wp\/v2\/pages"}],"about":[{"href":"https:\/\/docteurardiet.fr\/index.php?rest_route=\/wp\/v2\/types\/page"}],"author":[{"embeddable":true,"href":"https:\/\/docteurardiet.fr\/index.php?rest_route=\/wp\/v2\/users\/1"}],"replies":[{"embeddable":true,"href":"https:\/\/docteurardiet.fr\/index.php?rest_route=%2Fwp%2Fv2%2Fcomments&post=156"}],"version-history":[{"count":2,"href":"https:\/\/docteurardiet.fr\/index.php?rest_route=\/wp\/v2\/pages\/156\/revisions"}],"predecessor-version":[{"id":190,"href":"https:\/\/docteurardiet.fr\/index.php?rest_route=\/wp\/v2\/pages\/156\/revisions\/190"}],"wp:attachment":[{"href":"https:\/\/docteurardiet.fr\/index.php?rest_route=%2Fwp%2Fv2%2Fmedia&parent=156"}],"curies":[{"name":"wp","href":"https:\/\/api.w.org\/{rel}","templated":true}]}}