{"id":173,"date":"2022-03-20T21:40:33","date_gmt":"2022-03-20T20:40:33","guid":{"rendered":"https:\/\/docteurardiet.fr\/?page_id=173"},"modified":"2022-03-27T22:55:08","modified_gmt":"2022-03-27T20:55:08","slug":"prendre-rendez-vous","status":"publish","type":"page","link":"https:\/\/docteurardiet.fr\/","title":{"rendered":"Prendre rendez-vous"},"content":{"rendered":"\n<h3 class=\"wp-block-heading\">Par t\u00e9l\u00e9phone: <\/h3>\n\n\n\n<p>03 28 16 92 28<\/p>\n\n\n\n<p><\/p>\n\n\n\n<p><\/p>\n\n\n\n<h3 class=\"wp-block-heading\">Par internet:<\/h3>\n\n\n\n<p><a href=\"https:\/\/www.doctolib.fr\/gynecologue-obstetricien\/lille\/emmanuel-ardiet\">doctolib.fr<\/a><\/p>\n\n\n\n<p>(Attention, toutes les plages de consultation ne sont pas ouvertes \u00e0 la r\u00e9servation en ligne: n&rsquo;h\u00e9sitez pas \u00e0 appeler le secr\u00e9tariat pour un rendez vous rapide ou une consultation sp\u00e9cifique (IVG, colposcopie&#8230;)<\/p>\n\n\n","protected":false},"excerpt":{"rendered":"<p>Par t\u00e9l\u00e9phone: 03 28 16 92 28 Par internet: doctolib.fr (Attention, toutes les plages de consultation ne sont pas ouvertes \u00e0 la r\u00e9servation en ligne: n&rsquo;h\u00e9sitez pas \u00e0 appeler le secr\u00e9tariat pour un rendez vous rapide ou une consultation sp\u00e9cifique (IVG, colposcopie&#8230;)<\/p>\n","protected":false},"author":1,"featured_media":0,"parent":0,"menu_order":0,"comment_status":"closed","ping_status":"closed","template":"","meta":{"footnotes":""},"yoast_head":"<!-- This site is optimized with the Yoast SEO plugin v20.4 - https:\/\/yoast.com\/wordpress\/plugins\/seo\/ -->\n<title>Prendre rendez-vous - Dr Emmanuel ARDIET<\/title>\n<meta name=\"description\" content=\"Comment faire pour prendre rendez-vous avec le Docteur ARDIET: par t\u00e9l\u00e9phone (0328169228) et par internet (doctolib.fr)\" \/>\n<meta name=\"robots\" content=\"index, follow, max-snippet:-1, max-image-preview:large, max-video-preview:-1\" \/>\n<link rel=\"canonical\" href=\"https:\/\/docteurardiet.fr\/\" \/>\n<meta property=\"og:locale\" content=\"fr_FR\" \/>\n<meta property=\"og:type\" content=\"article\" \/>\n<meta property=\"og:title\" content=\"Prendre rendez-vous - Dr Emmanuel ARDIET\" \/>\n<meta property=\"og:description\" content=\"Comment faire pour prendre rendez-vous avec le Docteur ARDIET: par t\u00e9l\u00e9phone (0328169228) et par internet (doctolib.fr)\" \/>\n<meta property=\"og:url\" content=\"https:\/\/docteurardiet.fr\/\" \/>\n<meta property=\"og:site_name\" content=\"Dr Emmanuel ARDIET\" \/>\n<meta property=\"article:modified_time\" content=\"2022-03-27T20:55:08+00:00\" \/>\n<meta name=\"twitter:card\" content=\"summary_large_image\" \/>\n<meta name=\"twitter:label1\" content=\"Dur\u00e9e de lecture estim\u00e9e\" \/>\n\t<meta name=\"twitter:data1\" content=\"1 minute\" \/>\n<script type=\"application\/ld+json\" class=\"yoast-schema-graph\">{\"@context\":\"https:\/\/schema.org\",\"@graph\":[{\"@type\":\"WebPage\",\"@id\":\"https:\/\/docteurardiet.fr\/\",\"url\":\"https:\/\/docteurardiet.fr\/\",\"name\":\"Prendre rendez-vous - Dr Emmanuel ARDIET\",\"isPartOf\":{\"@id\":\"https:\/\/docteurardiet.fr\/#website\"},\"datePublished\":\"2022-03-20T20:40:33+00:00\",\"dateModified\":\"2022-03-27T20:55:08+00:00\",\"description\":\"Comment faire pour prendre rendez-vous avec le Docteur ARDIET: par t\u00e9l\u00e9phone (0328169228) et par internet (doctolib.fr)\",\"breadcrumb\":{\"@id\":\"https:\/\/docteurardiet.fr\/#breadcrumb\"},\"inLanguage\":\"fr-FR\",\"potentialAction\":[{\"@type\":\"ReadAction\",\"target\":[\"https:\/\/docteurardiet.fr\/\"]}]},{\"@type\":\"BreadcrumbList\",\"@id\":\"https:\/\/docteurardiet.fr\/#breadcrumb\",\"itemListElement\":[{\"@type\":\"ListItem\",\"position\":1,\"name\":\"Accueil\",\"item\":\"https:\/\/docteurardiet.fr\/\"},{\"@type\":\"ListItem\",\"position\":2,\"name\":\"Prendre rendez-vous\"}]},{\"@type\":\"WebSite\",\"@id\":\"https:\/\/docteurardiet.fr\/#website\",\"url\":\"https:\/\/docteurardiet.fr\/\",\"name\":\"Dr Emmanuel ARDIET\",\"description\":\"Gyn\u00e9cologue-obst\u00e9tricien \u00e0 Lille\",\"potentialAction\":[{\"@type\":\"SearchAction\",\"target\":{\"@type\":\"EntryPoint\",\"urlTemplate\":\"https:\/\/docteurardiet.fr\/?s={search_term_string}\"},\"query-input\":\"required name=search_term_string\"}],\"inLanguage\":\"fr-FR\"}]}<\/script>\n<!-- \/ Yoast SEO plugin. -->","yoast_head_json":{"title":"Prendre rendez-vous - Dr Emmanuel ARDIET","description":"Comment faire pour prendre rendez-vous avec le Docteur ARDIET: par t\u00e9l\u00e9phone (0328169228) et par internet (doctolib.fr)","robots":{"index":"index","follow":"follow","max-snippet":"max-snippet:-1","max-image-preview":"max-image-preview:large","max-video-preview":"max-video-preview:-1"},"canonical":"https:\/\/docteurardiet.fr\/","og_locale":"fr_FR","og_type":"article","og_title":"Prendre rendez-vous - Dr Emmanuel ARDIET","og_description":"Comment faire pour prendre rendez-vous avec le Docteur ARDIET: par t\u00e9l\u00e9phone (0328169228) et par internet (doctolib.fr)","og_url":"https:\/\/docteurardiet.fr\/","og_site_name":"Dr Emmanuel ARDIET","article_modified_time":"2022-03-27T20:55:08+00:00","twitter_card":"summary_large_image","twitter_misc":{"Dur\u00e9e de lecture estim\u00e9e":"1 minute"},"schema":{"@context":"https:\/\/schema.org","@graph":[{"@type":"WebPage","@id":"https:\/\/docteurardiet.fr\/","url":"https:\/\/docteurardiet.fr\/","name":"Prendre rendez-vous - Dr Emmanuel ARDIET","isPartOf":{"@id":"https:\/\/docteurardiet.fr\/#website"},"datePublished":"2022-03-20T20:40:33+00:00","dateModified":"2022-03-27T20:55:08+00:00","description":"Comment faire pour prendre rendez-vous avec le Docteur ARDIET: par t\u00e9l\u00e9phone (0328169228) et par internet (doctolib.fr)","breadcrumb":{"@id":"https:\/\/docteurardiet.fr\/#breadcrumb"},"inLanguage":"fr-FR","potentialAction":[{"@type":"ReadAction","target":["https:\/\/docteurardiet.fr\/"]}]},{"@type":"BreadcrumbList","@id":"https:\/\/docteurardiet.fr\/#breadcrumb","itemListElement":[{"@type":"ListItem","position":1,"name":"Accueil","item":"https:\/\/docteurardiet.fr\/"},{"@type":"ListItem","position":2,"name":"Prendre rendez-vous"}]},{"@type":"WebSite","@id":"https:\/\/docteurardiet.fr\/#website","url":"https:\/\/docteurardiet.fr\/","name":"Dr Emmanuel ARDIET","description":"Gyn\u00e9cologue-obst\u00e9tricien \u00e0 Lille","potentialAction":[{"@type":"SearchAction","target":{"@type":"EntryPoint","urlTemplate":"https:\/\/docteurardiet.fr\/?s={search_term_string}"},"query-input":"required name=search_term_string"}],"inLanguage":"fr-FR"}]}},"_links":{"self":[{"href":"https:\/\/docteurardiet.fr\/index.php?rest_route=\/wp\/v2\/pages\/173"}],"collection":[{"href":"https:\/\/docteurardiet.fr\/index.php?rest_route=\/wp\/v2\/pages"}],"about":[{"href":"https:\/\/docteurardiet.fr\/index.php?rest_route=\/wp\/v2\/types\/page"}],"author":[{"embeddable":true,"href":"https:\/\/docteurardiet.fr\/index.php?rest_route=\/wp\/v2\/users\/1"}],"replies":[{"embeddable":true,"href":"https:\/\/docteurardiet.fr\/index.php?rest_route=%2Fwp%2Fv2%2Fcomments&post=173"}],"version-history":[{"count":3,"href":"https:\/\/docteurardiet.fr\/index.php?rest_route=\/wp\/v2\/pages\/173\/revisions"}],"predecessor-version":[{"id":217,"href":"https:\/\/docteurardiet.fr\/index.php?rest_route=\/wp\/v2\/pages\/173\/revisions\/217"}],"wp:attachment":[{"href":"https:\/\/docteurardiet.fr\/index.php?rest_route=%2Fwp%2Fv2%2Fmedia&parent=173"}],"curies":[{"name":"wp","href":"https:\/\/api.w.org\/{rel}","templated":true}]}}