{"id":201,"date":"2022-03-26T23:13:52","date_gmt":"2022-03-26T22:13:52","guid":{"rendered":"https:\/\/docteurardiet.fr\/?page_id=201"},"modified":"2022-03-26T23:13:52","modified_gmt":"2022-03-26T22:13:52","slug":"suivi-gynecologique","status":"publish","type":"page","link":"https:\/\/docteurardiet.fr\/?page_id=201","title":{"rendered":"Suivi gyn\u00e9cologique"},"content":{"rendered":"\n<p>Mon activit\u00e9 de\u00a0gyn\u00e9cologie m\u00e9dicale\u00a0me conduit \u00e0 prendre\u00a0en charge des probl\u00e8mes suivants: contraception, suivi gyn\u00e9cologique, d\u00e9pistage, pr\u00e9vention, consultation pr\u00e9conceptionnelle, infertilit\u00e9 (prise en charge de premier niveau), m\u00e9nopause.<\/p>\n\n\n\n<p>En cas de pathologie d\u00e9passant mes comp\u00e9tences, vous serez orient\u00e9e vers un praticien plus exp\u00e9riment\u00e9 que moi, de m\u00eame en cas de n\u00e9cessit\u00e9 de geste chirurgical.<\/p>\n\n\n\n<p>La consultation et l&rsquo;examen gyn\u00e9cologique se d\u00e9roulent dans le strict respect de la <a href=\"https:\/\/docteurardiet.fr\/index.php\/charte-de-la-consultation-en-gynecologie-et-en-obstetrique\/\" data-type=\"page\" data-id=\"19\">charte de la consultation gyn\u00e9cologique<\/a>.<\/p>\n","protected":false},"excerpt":{"rendered":"<p>Mon activit\u00e9 de\u00a0gyn\u00e9cologie m\u00e9dicale\u00a0me conduit \u00e0 prendre\u00a0en charge des probl\u00e8mes suivants: contraception, suivi gyn\u00e9cologique, d\u00e9pistage, pr\u00e9vention, consultation pr\u00e9conceptionnelle, infertilit\u00e9 (prise en charge de premier niveau), m\u00e9nopause. En cas de pathologie d\u00e9passant mes comp\u00e9tences, vous serez orient\u00e9e vers un praticien plus exp\u00e9riment\u00e9 que moi, de m\u00eame en cas de n\u00e9cessit\u00e9 de geste chirurgical. La consultation et &hellip; <\/p>\n<p class=\"link-more\"><a href=\"https:\/\/docteurardiet.fr\/?page_id=201\" class=\"more-link\">Continuer la lecture<span class=\"screen-reader-text\"> de &laquo;&nbsp;Suivi gyn\u00e9cologique&nbsp;&raquo;<\/span><\/a><\/p>\n","protected":false},"author":1,"featured_media":0,"parent":0,"menu_order":0,"comment_status":"closed","ping_status":"closed","template":"","meta":{"footnotes":""},"yoast_head":"<!-- This site is optimized with the Yoast SEO plugin v20.4 - https:\/\/yoast.com\/wordpress\/plugins\/seo\/ -->\n<title>Suivi gyn\u00e9cologique - Dr Emmanuel ARDIET<\/title>\n<meta name=\"robots\" content=\"index, follow, max-snippet:-1, max-image-preview:large, max-video-preview:-1\" \/>\n<link rel=\"canonical\" href=\"https:\/\/docteurardiet.fr\/?page_id=201\" \/>\n<meta property=\"og:locale\" content=\"fr_FR\" \/>\n<meta property=\"og:type\" content=\"article\" \/>\n<meta property=\"og:title\" content=\"Suivi gyn\u00e9cologique - Dr Emmanuel ARDIET\" \/>\n<meta property=\"og:description\" content=\"Mon activit\u00e9 de\u00a0gyn\u00e9cologie m\u00e9dicale\u00a0me conduit \u00e0 prendre\u00a0en charge des probl\u00e8mes suivants: contraception, suivi gyn\u00e9cologique, d\u00e9pistage, pr\u00e9vention, consultation pr\u00e9conceptionnelle, infertilit\u00e9 (prise en charge de premier niveau), m\u00e9nopause. En cas de pathologie d\u00e9passant mes comp\u00e9tences, vous serez orient\u00e9e vers un praticien plus exp\u00e9riment\u00e9 que moi, de m\u00eame en cas de n\u00e9cessit\u00e9 de geste chirurgical. La consultation et &hellip; Continuer la lecture de &laquo;&nbsp;Suivi gyn\u00e9cologique&nbsp;&raquo;\" \/>\n<meta property=\"og:url\" content=\"https:\/\/docteurardiet.fr\/?page_id=201\" \/>\n<meta property=\"og:site_name\" content=\"Dr Emmanuel ARDIET\" \/>\n<meta name=\"twitter:card\" content=\"summary_large_image\" \/>\n<script type=\"application\/ld+json\" class=\"yoast-schema-graph\">{\"@context\":\"https:\/\/schema.org\",\"@graph\":[{\"@type\":\"WebPage\",\"@id\":\"https:\/\/docteurardiet.fr\/?page_id=201\",\"url\":\"https:\/\/docteurardiet.fr\/?page_id=201\",\"name\":\"Suivi gyn\u00e9cologique - Dr Emmanuel ARDIET\",\"isPartOf\":{\"@id\":\"https:\/\/docteurardiet.fr\/#website\"},\"datePublished\":\"2022-03-26T22:13:52+00:00\",\"dateModified\":\"2022-03-26T22:13:52+00:00\",\"breadcrumb\":{\"@id\":\"https:\/\/docteurardiet.fr\/?page_id=201#breadcrumb\"},\"inLanguage\":\"fr-FR\",\"potentialAction\":[{\"@type\":\"ReadAction\",\"target\":[\"https:\/\/docteurardiet.fr\/?page_id=201\"]}]},{\"@type\":\"BreadcrumbList\",\"@id\":\"https:\/\/docteurardiet.fr\/?page_id=201#breadcrumb\",\"itemListElement\":[{\"@type\":\"ListItem\",\"position\":1,\"name\":\"Accueil\",\"item\":\"https:\/\/docteurardiet.fr\/\"},{\"@type\":\"ListItem\",\"position\":2,\"name\":\"Suivi gyn\u00e9cologique\"}]},{\"@type\":\"WebSite\",\"@id\":\"https:\/\/docteurardiet.fr\/#website\",\"url\":\"https:\/\/docteurardiet.fr\/\",\"name\":\"Dr Emmanuel ARDIET\",\"description\":\"Gyn\u00e9cologue-obst\u00e9tricien \u00e0 Lille\",\"potentialAction\":[{\"@type\":\"SearchAction\",\"target\":{\"@type\":\"EntryPoint\",\"urlTemplate\":\"https:\/\/docteurardiet.fr\/?s={search_term_string}\"},\"query-input\":\"required name=search_term_string\"}],\"inLanguage\":\"fr-FR\"}]}<\/script>\n<!-- \/ Yoast SEO plugin. -->","yoast_head_json":{"title":"Suivi gyn\u00e9cologique - Dr Emmanuel ARDIET","robots":{"index":"index","follow":"follow","max-snippet":"max-snippet:-1","max-image-preview":"max-image-preview:large","max-video-preview":"max-video-preview:-1"},"canonical":"https:\/\/docteurardiet.fr\/?page_id=201","og_locale":"fr_FR","og_type":"article","og_title":"Suivi gyn\u00e9cologique - Dr Emmanuel ARDIET","og_description":"Mon activit\u00e9 de\u00a0gyn\u00e9cologie m\u00e9dicale\u00a0me conduit \u00e0 prendre\u00a0en charge des probl\u00e8mes suivants: contraception, suivi gyn\u00e9cologique, d\u00e9pistage, pr\u00e9vention, consultation pr\u00e9conceptionnelle, infertilit\u00e9 (prise en charge de premier niveau), m\u00e9nopause. En cas de pathologie d\u00e9passant mes comp\u00e9tences, vous serez orient\u00e9e vers un praticien plus exp\u00e9riment\u00e9 que moi, de m\u00eame en cas de n\u00e9cessit\u00e9 de geste chirurgical. La consultation et &hellip; Continuer la lecture de &laquo;&nbsp;Suivi gyn\u00e9cologique&nbsp;&raquo;","og_url":"https:\/\/docteurardiet.fr\/?page_id=201","og_site_name":"Dr Emmanuel ARDIET","twitter_card":"summary_large_image","schema":{"@context":"https:\/\/schema.org","@graph":[{"@type":"WebPage","@id":"https:\/\/docteurardiet.fr\/?page_id=201","url":"https:\/\/docteurardiet.fr\/?page_id=201","name":"Suivi gyn\u00e9cologique - Dr Emmanuel ARDIET","isPartOf":{"@id":"https:\/\/docteurardiet.fr\/#website"},"datePublished":"2022-03-26T22:13:52+00:00","dateModified":"2022-03-26T22:13:52+00:00","breadcrumb":{"@id":"https:\/\/docteurardiet.fr\/?page_id=201#breadcrumb"},"inLanguage":"fr-FR","potentialAction":[{"@type":"ReadAction","target":["https:\/\/docteurardiet.fr\/?page_id=201"]}]},{"@type":"BreadcrumbList","@id":"https:\/\/docteurardiet.fr\/?page_id=201#breadcrumb","itemListElement":[{"@type":"ListItem","position":1,"name":"Accueil","item":"https:\/\/docteurardiet.fr\/"},{"@type":"ListItem","position":2,"name":"Suivi gyn\u00e9cologique"}]},{"@type":"WebSite","@id":"https:\/\/docteurardiet.fr\/#website","url":"https:\/\/docteurardiet.fr\/","name":"Dr Emmanuel ARDIET","description":"Gyn\u00e9cologue-obst\u00e9tricien \u00e0 Lille","potentialAction":[{"@type":"SearchAction","target":{"@type":"EntryPoint","urlTemplate":"https:\/\/docteurardiet.fr\/?s={search_term_string}"},"query-input":"required name=search_term_string"}],"inLanguage":"fr-FR"}]}},"_links":{"self":[{"href":"https:\/\/docteurardiet.fr\/index.php?rest_route=\/wp\/v2\/pages\/201"}],"collection":[{"href":"https:\/\/docteurardiet.fr\/index.php?rest_route=\/wp\/v2\/pages"}],"about":[{"href":"https:\/\/docteurardiet.fr\/index.php?rest_route=\/wp\/v2\/types\/page"}],"author":[{"embeddable":true,"href":"https:\/\/docteurardiet.fr\/index.php?rest_route=\/wp\/v2\/users\/1"}],"replies":[{"embeddable":true,"href":"https:\/\/docteurardiet.fr\/index.php?rest_route=%2Fwp%2Fv2%2Fcomments&post=201"}],"version-history":[{"count":2,"href":"https:\/\/docteurardiet.fr\/index.php?rest_route=\/wp\/v2\/pages\/201\/revisions"}],"predecessor-version":[{"id":204,"href":"https:\/\/docteurardiet.fr\/index.php?rest_route=\/wp\/v2\/pages\/201\/revisions\/204"}],"wp:attachment":[{"href":"https:\/\/docteurardiet.fr\/index.php?rest_route=%2Fwp%2Fv2%2Fmedia&parent=201"}],"curies":[{"name":"wp","href":"https:\/\/api.w.org\/{rel}","templated":true}]}}