{"id":206,"date":"2022-03-26T23:29:40","date_gmt":"2022-03-26T22:29:40","guid":{"rendered":"https:\/\/docteurardiet.fr\/?page_id=206"},"modified":"2022-03-26T23:29:41","modified_gmt":"2022-03-26T22:29:41","slug":"obstetrique","status":"publish","type":"page","link":"https:\/\/docteurardiet.fr\/?page_id=206","title":{"rendered":"Obst\u00e9trique"},"content":{"rendered":"\n<div class=\"wp-block-group\"><div class=\"wp-block-group__inner-container is-layout-flow wp-block-group-is-layout-flow\">\n<p>La plupart des grossesses et des accouchements sont \u201cphysiologiques\u201d c\u2019est \u00e0 dire qu\u2019ils se d\u00e9roulent normalement. Une surveillance de la grossesse est toutefois indispensable au cas o\u00f9 une complication devrait appara\u00eetre.<br>La surveillance est clinique (un examen par mois environ), biologique (prise de sang) et \u00e9chographique.<br>Le suivi pr\u00e9natal a lieu au cabinet Fa\u00e7ade de l&rsquo;Esplanade \u00e0 Lille.<br>Les\u00a0accouchements et les\u00a0\u00e9chographies obst\u00e9tricales des 1er, 2\u00e8me et 3\u00e8me trimestres ont lieu \u00e0 la clinique du Bois \u00e0 Lille o\u00f9 je dispose d\u2019un \u00e9chographe haut de gamme.<br>Je travaille donc en lien avec d\u2019autres professionnels:<\/p>\n\n\n\n<ul><li>sages-femmes (suivi de la grossesse, pr\u00e9paration \u00e0 la naissance, relaxation et sophrologie, soutien \u00e0 l\u2019allaitement maternel);<\/li><li>coll\u00e8gues obst\u00e9triciens qui prendront peut-\u00eatre votre accouchement en charge s\u2019il survenait un jour o\u00f9 je ne serais pas d\u2019astreinte<\/li><li>m\u00e9decins anesth\u00e9sistes, p\u00e9diatres<\/li><li>autres confr\u00e8res sp\u00e9cialistes en cas de pathologie maternelle survenant au cours de la grossesse.<\/li><\/ul>\n<\/div><\/div>\n","protected":false},"excerpt":{"rendered":"<p>La plupart des grossesses et des accouchements sont \u201cphysiologiques\u201d c\u2019est \u00e0 dire qu\u2019ils se d\u00e9roulent normalement. Une surveillance de la grossesse est toutefois indispensable au cas o\u00f9 une complication devrait appara\u00eetre.La surveillance est clinique (un examen par mois environ), biologique (prise de sang) et \u00e9chographique.Le suivi pr\u00e9natal a lieu au cabinet Fa\u00e7ade de l&rsquo;Esplanade \u00e0 &hellip; <\/p>\n<p class=\"link-more\"><a href=\"https:\/\/docteurardiet.fr\/?page_id=206\" class=\"more-link\">Continuer la lecture<span class=\"screen-reader-text\"> de &laquo;&nbsp;Obst\u00e9trique&nbsp;&raquo;<\/span><\/a><\/p>\n","protected":false},"author":1,"featured_media":0,"parent":0,"menu_order":0,"comment_status":"closed","ping_status":"closed","template":"","meta":{"footnotes":""},"yoast_head":"<!-- This site is optimized with the Yoast SEO plugin v20.4 - https:\/\/yoast.com\/wordpress\/plugins\/seo\/ -->\n<title>Obst\u00e9trique - Dr Emmanuel ARDIET<\/title>\n<meta name=\"robots\" content=\"index, follow, max-snippet:-1, max-image-preview:large, max-video-preview:-1\" \/>\n<link rel=\"canonical\" href=\"https:\/\/docteurardiet.fr\/?page_id=206\" \/>\n<meta property=\"og:locale\" content=\"fr_FR\" \/>\n<meta property=\"og:type\" content=\"article\" \/>\n<meta property=\"og:title\" content=\"Obst\u00e9trique - Dr Emmanuel ARDIET\" \/>\n<meta property=\"og:description\" content=\"La plupart des grossesses et des accouchements sont \u201cphysiologiques\u201d c\u2019est \u00e0 dire qu\u2019ils se d\u00e9roulent normalement. Une surveillance de la grossesse est toutefois indispensable au cas o\u00f9 une complication devrait appara\u00eetre.La surveillance est clinique (un examen par mois environ), biologique (prise de sang) et \u00e9chographique.Le suivi pr\u00e9natal a lieu au cabinet Fa\u00e7ade de l&rsquo;Esplanade \u00e0 &hellip; Continuer la lecture de &laquo;&nbsp;Obst\u00e9trique&nbsp;&raquo;\" \/>\n<meta property=\"og:url\" content=\"https:\/\/docteurardiet.fr\/?page_id=206\" \/>\n<meta property=\"og:site_name\" content=\"Dr Emmanuel ARDIET\" \/>\n<meta property=\"article:modified_time\" content=\"2022-03-26T22:29:41+00:00\" \/>\n<meta name=\"twitter:card\" content=\"summary_large_image\" \/>\n<meta name=\"twitter:label1\" content=\"Dur\u00e9e de lecture estim\u00e9e\" \/>\n\t<meta name=\"twitter:data1\" content=\"1 minute\" \/>\n<script type=\"application\/ld+json\" class=\"yoast-schema-graph\">{\"@context\":\"https:\/\/schema.org\",\"@graph\":[{\"@type\":\"WebPage\",\"@id\":\"https:\/\/docteurardiet.fr\/?page_id=206\",\"url\":\"https:\/\/docteurardiet.fr\/?page_id=206\",\"name\":\"Obst\u00e9trique - Dr Emmanuel ARDIET\",\"isPartOf\":{\"@id\":\"https:\/\/docteurardiet.fr\/#website\"},\"datePublished\":\"2022-03-26T22:29:40+00:00\",\"dateModified\":\"2022-03-26T22:29:41+00:00\",\"breadcrumb\":{\"@id\":\"https:\/\/docteurardiet.fr\/?page_id=206#breadcrumb\"},\"inLanguage\":\"fr-FR\",\"potentialAction\":[{\"@type\":\"ReadAction\",\"target\":[\"https:\/\/docteurardiet.fr\/?page_id=206\"]}]},{\"@type\":\"BreadcrumbList\",\"@id\":\"https:\/\/docteurardiet.fr\/?page_id=206#breadcrumb\",\"itemListElement\":[{\"@type\":\"ListItem\",\"position\":1,\"name\":\"Accueil\",\"item\":\"https:\/\/docteurardiet.fr\/\"},{\"@type\":\"ListItem\",\"position\":2,\"name\":\"Obst\u00e9trique\"}]},{\"@type\":\"WebSite\",\"@id\":\"https:\/\/docteurardiet.fr\/#website\",\"url\":\"https:\/\/docteurardiet.fr\/\",\"name\":\"Dr Emmanuel ARDIET\",\"description\":\"Gyn\u00e9cologue-obst\u00e9tricien \u00e0 Lille\",\"potentialAction\":[{\"@type\":\"SearchAction\",\"target\":{\"@type\":\"EntryPoint\",\"urlTemplate\":\"https:\/\/docteurardiet.fr\/?s={search_term_string}\"},\"query-input\":\"required name=search_term_string\"}],\"inLanguage\":\"fr-FR\"}]}<\/script>\n<!-- \/ Yoast SEO plugin. -->","yoast_head_json":{"title":"Obst\u00e9trique - Dr Emmanuel ARDIET","robots":{"index":"index","follow":"follow","max-snippet":"max-snippet:-1","max-image-preview":"max-image-preview:large","max-video-preview":"max-video-preview:-1"},"canonical":"https:\/\/docteurardiet.fr\/?page_id=206","og_locale":"fr_FR","og_type":"article","og_title":"Obst\u00e9trique - Dr Emmanuel ARDIET","og_description":"La plupart des grossesses et des accouchements sont \u201cphysiologiques\u201d c\u2019est \u00e0 dire qu\u2019ils se d\u00e9roulent normalement. Une surveillance de la grossesse est toutefois indispensable au cas o\u00f9 une complication devrait appara\u00eetre.La surveillance est clinique (un examen par mois environ), biologique (prise de sang) et \u00e9chographique.Le suivi pr\u00e9natal a lieu au cabinet Fa\u00e7ade de l&rsquo;Esplanade \u00e0 &hellip; Continuer la lecture de &laquo;&nbsp;Obst\u00e9trique&nbsp;&raquo;","og_url":"https:\/\/docteurardiet.fr\/?page_id=206","og_site_name":"Dr Emmanuel ARDIET","article_modified_time":"2022-03-26T22:29:41+00:00","twitter_card":"summary_large_image","twitter_misc":{"Dur\u00e9e de lecture estim\u00e9e":"1 minute"},"schema":{"@context":"https:\/\/schema.org","@graph":[{"@type":"WebPage","@id":"https:\/\/docteurardiet.fr\/?page_id=206","url":"https:\/\/docteurardiet.fr\/?page_id=206","name":"Obst\u00e9trique - Dr Emmanuel ARDIET","isPartOf":{"@id":"https:\/\/docteurardiet.fr\/#website"},"datePublished":"2022-03-26T22:29:40+00:00","dateModified":"2022-03-26T22:29:41+00:00","breadcrumb":{"@id":"https:\/\/docteurardiet.fr\/?page_id=206#breadcrumb"},"inLanguage":"fr-FR","potentialAction":[{"@type":"ReadAction","target":["https:\/\/docteurardiet.fr\/?page_id=206"]}]},{"@type":"BreadcrumbList","@id":"https:\/\/docteurardiet.fr\/?page_id=206#breadcrumb","itemListElement":[{"@type":"ListItem","position":1,"name":"Accueil","item":"https:\/\/docteurardiet.fr\/"},{"@type":"ListItem","position":2,"name":"Obst\u00e9trique"}]},{"@type":"WebSite","@id":"https:\/\/docteurardiet.fr\/#website","url":"https:\/\/docteurardiet.fr\/","name":"Dr Emmanuel ARDIET","description":"Gyn\u00e9cologue-obst\u00e9tricien \u00e0 Lille","potentialAction":[{"@type":"SearchAction","target":{"@type":"EntryPoint","urlTemplate":"https:\/\/docteurardiet.fr\/?s={search_term_string}"},"query-input":"required name=search_term_string"}],"inLanguage":"fr-FR"}]}},"_links":{"self":[{"href":"https:\/\/docteurardiet.fr\/index.php?rest_route=\/wp\/v2\/pages\/206"}],"collection":[{"href":"https:\/\/docteurardiet.fr\/index.php?rest_route=\/wp\/v2\/pages"}],"about":[{"href":"https:\/\/docteurardiet.fr\/index.php?rest_route=\/wp\/v2\/types\/page"}],"author":[{"embeddable":true,"href":"https:\/\/docteurardiet.fr\/index.php?rest_route=\/wp\/v2\/users\/1"}],"replies":[{"embeddable":true,"href":"https:\/\/docteurardiet.fr\/index.php?rest_route=%2Fwp%2Fv2%2Fcomments&post=206"}],"version-history":[{"count":1,"href":"https:\/\/docteurardiet.fr\/index.php?rest_route=\/wp\/v2\/pages\/206\/revisions"}],"predecessor-version":[{"id":207,"href":"https:\/\/docteurardiet.fr\/index.php?rest_route=\/wp\/v2\/pages\/206\/revisions\/207"}],"wp:attachment":[{"href":"https:\/\/docteurardiet.fr\/index.php?rest_route=%2Fwp%2Fv2%2Fmedia&parent=206"}],"curies":[{"name":"wp","href":"https:\/\/api.w.org\/{rel}","templated":true}]}}